{"id":113,"date":"2018-03-02T20:44:24","date_gmt":"2018-03-02T19:44:24","guid":{"rendered":"https:\/\/ohm-informatique.ch\/?page_id=113"},"modified":"2023-06-13T18:01:03","modified_gmt":"2023-06-13T16:01:03","slug":"nos-clients","status":"publish","type":"page","link":"https:\/\/ohm-informatique.ch\/index.php\/nos-clients\/","title":{"rendered":"Nos Clients"},"content":{"rendered":"\n<p>D\u00e9couvrez certains de nos clients qui ont fait confiance \u00e0 Ohm Informatique pour leurs besoins technologiques.<\/p>\n\n\n\n<h2 class=\"wp-block-heading\">Commune et cercle scolaire de&nbsp;Nuvilly<\/h2>\n\n\n\n<div class=\"wp-block-media-text alignwide is-stacked-on-mobile is-vertically-aligned-top\" style=\"grid-template-columns:29% auto\"><figure class=\"wp-block-media-text__media\"><img loading=\"lazy\" decoding=\"async\" width=\"700\" height=\"886\" src=\"https:\/\/ohm-informatique.ch\/wp-content\/uploads\/2023\/05\/Nuvilly-coat_of_arms.svg_-1-700x886.png\" alt=\"\" class=\"wp-image-180 size-full\" srcset=\"https:\/\/ohm-informatique.ch\/wp-content\/uploads\/2023\/05\/Nuvilly-coat_of_arms.svg_-1-700x886.png 700w, https:\/\/ohm-informatique.ch\/wp-content\/uploads\/2023\/05\/Nuvilly-coat_of_arms.svg_-1-250x316.png 250w, https:\/\/ohm-informatique.ch\/wp-content\/uploads\/2023\/05\/Nuvilly-coat_of_arms.svg_-1-768x972.png 768w, https:\/\/ohm-informatique.ch\/wp-content\/uploads\/2023\/05\/Nuvilly-coat_of_arms.svg_-1-1214x1536.png 1214w, https:\/\/ohm-informatique.ch\/wp-content\/uploads\/2023\/05\/Nuvilly-coat_of_arms.svg_-1-1619x2048.png 1619w, https:\/\/ohm-informatique.ch\/wp-content\/uploads\/2023\/05\/Nuvilly-coat_of_arms.svg_-1-120x152.png 120w, https:\/\/ohm-informatique.ch\/wp-content\/uploads\/2023\/05\/Nuvilly-coat_of_arms.svg_-1.png 1920w\" sizes=\"auto, (max-width: 700px) 100vw, 700px\" \/><\/figure><div class=\"wp-block-media-text__content\">\n<p>Depuis plusieurs ann\u00e9es, la commune de Nuvilly et le cercle scolaire nous accordent leur confiance en mati\u00e8re de conseils, d&rsquo;achat et de maintenance de leur parc informatique.<\/p>\n\n\n\n<p><a href=\"https:\/\/nuvilly.ch\/\" target=\"_blank\" rel=\"noreferrer noopener\">Commune de Nuvilly<\/a><\/p>\n<\/div><\/div>\n\n\n\n<hr class=\"wp-block-separator has-alpha-channel-opacity\"\/>\n\n\n\n<h2 class=\"wp-block-heading\">Ducrest Pneus S\u00e0rl<\/h2>\n\n\n\n<div class=\"wp-block-media-text alignwide is-stacked-on-mobile is-vertically-aligned-center\"><figure class=\"wp-block-media-text__media\"><img loading=\"lazy\" decoding=\"async\" width=\"180\" height=\"64\" src=\"https:\/\/ohm-informatique.ch\/wp-content\/uploads\/2023\/05\/321051673_894473725061100_1212496583469680080_n.jpg\" alt=\"\" class=\"wp-image-186 size-full\" srcset=\"https:\/\/ohm-informatique.ch\/wp-content\/uploads\/2023\/05\/321051673_894473725061100_1212496583469680080_n.jpg 180w, https:\/\/ohm-informatique.ch\/wp-content\/uploads\/2023\/05\/321051673_894473725061100_1212496583469680080_n-120x43.jpg 120w\" sizes=\"auto, (max-width: 180px) 100vw, 180px\" \/><\/figure><div class=\"wp-block-media-text__content\">\n<p>Ducrest Pneu place sa confiance en nous pour les conseils et la gestion informatique, ainsi que pour l&rsquo;utilisation du logiciel Bexio, qui lui permet de g\u00e9rer sa comptabilit\u00e9 et de suivre ses clients. En retour, nous pla\u00e7ons notre confiance en eux pour l&rsquo;entretien et les pneumatiques de nos v\u00e9hicules.<br><\/p>\n\n\n\n<p>T\u00e9l: <a rel=\"noreferrer noopener\" href=\"tel:00763955461\" data-type=\"URL\" data-id=\"Tel:00763955461\" target=\"_blank\">+41 76 395 54 61<\/a><\/p>\n\n\n\n<ul class=\"wp-block-social-links is-layout-flex wp-block-social-links-is-layout-flex\"><li class=\"wp-social-link wp-social-link-facebook  wp-block-social-link\"><a href=\"https:\/\/www.facebook.com\/profile.php?id=100087733417577\" class=\"wp-block-social-link-anchor\"><svg width=\"24\" height=\"24\" viewBox=\"0 0 24 24\" version=\"1.1\" xmlns=\"http:\/\/www.w3.org\/2000\/svg\" aria-hidden=\"true\" focusable=\"false\"><path d=\"M12 2C6.5 2 2 6.5 2 12c0 5 3.7 9.1 8.4 9.9v-7H7.9V12h2.5V9.8c0-2.5 1.5-3.9 3.8-3.9 1.1 0 2.2.2 2.2.2v2.5h-1.3c-1.2 0-1.6.8-1.6 1.6V12h2.8l-.4 2.9h-2.3v7C18.3 21.1 22 17 22 12c0-5.5-4.5-10-10-10z\"><\/path><\/svg><span class=\"wp-block-social-link-label screen-reader-text\">Facebook<\/span><\/a><\/li><\/ul>\n<\/div><\/div>\n\n\n\n<hr class=\"wp-block-separator has-alpha-channel-opacity\"\/>\n\n\n\n<h2 class=\"wp-block-heading\">Y-A Echafaudages S\u00e0rl<\/h2>\n\n\n\n<div class=\"wp-block-media-text alignwide is-stacked-on-mobile\"><figure class=\"wp-block-media-text__media\"><img loading=\"lazy\" decoding=\"async\" width=\"700\" height=\"309\" src=\"https:\/\/ohm-informatique.ch\/wp-content\/uploads\/2023\/05\/Capture-decran-2023-05-16-143505-700x309.png\" alt=\"\" class=\"wp-image-191 size-full\" srcset=\"https:\/\/ohm-informatique.ch\/wp-content\/uploads\/2023\/05\/Capture-decran-2023-05-16-143505-700x309.png 700w, https:\/\/ohm-informatique.ch\/wp-content\/uploads\/2023\/05\/Capture-decran-2023-05-16-143505-250x110.png 250w, https:\/\/ohm-informatique.ch\/wp-content\/uploads\/2023\/05\/Capture-decran-2023-05-16-143505-768x339.png 768w, https:\/\/ohm-informatique.ch\/wp-content\/uploads\/2023\/05\/Capture-decran-2023-05-16-143505-120x53.png 120w, https:\/\/ohm-informatique.ch\/wp-content\/uploads\/2023\/05\/Capture-decran-2023-05-16-143505.png 1465w\" sizes=\"auto, (max-width: 700px) 100vw, 700px\" \/><\/figure><div class=\"wp-block-media-text__content\">\n<p>Situ\u00e9 dans la Broye depuis juillet 2022, nous sommes une entreprise familiale active dans une grande partie de la Suisse; de B\u00e2le \u00e0 Gen\u00e8ve. Nous nous sommes d\u00e9marqu\u00e9 gr\u00e2ce \u00e0 notre sp\u00e9cialisation dans le montage des \u00e9chafaudages pour les installations photovolta\u00efques.<\/p>\n\n\n\n<p>T\u00e9l: <a rel=\"noreferrer noopener\" href=\"http:\/\/T\u00e9l:+266633432\" data-type=\"URL\" data-id=\"T\u00e9l:+266633432\" target=\"_blank\">+41 26 663 34 32<\/a><br>Site internet: <a href=\"https:\/\/y-a-echafaudages.webador.ch\/\">Y-A Echafaudages<\/a><\/p>\n\n\n\n<ul class=\"wp-block-social-links is-layout-flex wp-block-social-links-is-layout-flex\"><li class=\"wp-social-link wp-social-link-instagram  wp-block-social-link\"><a href=\"https:\/\/www.instagram.com\/y.a.echafaudages\/\" class=\"wp-block-social-link-anchor\"><svg width=\"24\" height=\"24\" viewBox=\"0 0 24 24\" version=\"1.1\" xmlns=\"http:\/\/www.w3.org\/2000\/svg\" aria-hidden=\"true\" focusable=\"false\"><path d=\"M12,4.622c2.403,0,2.688,0.009,3.637,0.052c0.877,0.04,1.354,0.187,1.671,0.31c0.42,0.163,0.72,0.358,1.035,0.673 c0.315,0.315,0.51,0.615,0.673,1.035c0.123,0.317,0.27,0.794,0.31,1.671c0.043,0.949,0.052,1.234,0.052,3.637 s-0.009,2.688-0.052,3.637c-0.04,0.877-0.187,1.354-0.31,1.671c-0.163,0.42-0.358,0.72-0.673,1.035 c-0.315,0.315-0.615,0.51-1.035,0.673c-0.317,0.123-0.794,0.27-1.671,0.31c-0.949,0.043-1.233,0.052-3.637,0.052 s-2.688-0.009-3.637-0.052c-0.877-0.04-1.354-0.187-1.671-0.31c-0.42-0.163-0.72-0.358-1.035-0.673 c-0.315-0.315-0.51-0.615-0.673-1.035c-0.123-0.317-0.27-0.794-0.31-1.671C4.631,14.688,4.622,14.403,4.622,12 s0.009-2.688,0.052-3.637c0.04-0.877,0.187-1.354,0.31-1.671c0.163-0.42,0.358-0.72,0.673-1.035 c0.315-0.315,0.615-0.51,1.035-0.673c0.317-0.123,0.794-0.27,1.671-0.31C9.312,4.631,9.597,4.622,12,4.622 M12,3 C9.556,3,9.249,3.01,8.289,3.054C7.331,3.098,6.677,3.25,6.105,3.472C5.513,3.702,5.011,4.01,4.511,4.511 c-0.5,0.5-0.808,1.002-1.038,1.594C3.25,6.677,3.098,7.331,3.054,8.289C3.01,9.249,3,9.556,3,12c0,2.444,0.01,2.751,0.054,3.711 c0.044,0.958,0.196,1.612,0.418,2.185c0.23,0.592,0.538,1.094,1.038,1.594c0.5,0.5,1.002,0.808,1.594,1.038 c0.572,0.222,1.227,0.375,2.185,0.418C9.249,20.99,9.556,21,12,21s2.751-0.01,3.711-0.054c0.958-0.044,1.612-0.196,2.185-0.418 c0.592-0.23,1.094-0.538,1.594-1.038c0.5-0.5,0.808-1.002,1.038-1.594c0.222-0.572,0.375-1.227,0.418-2.185 C20.99,14.751,21,14.444,21,12s-0.01-2.751-0.054-3.711c-0.044-0.958-0.196-1.612-0.418-2.185c-0.23-0.592-0.538-1.094-1.038-1.594 c-0.5-0.5-1.002-0.808-1.594-1.038c-0.572-0.222-1.227-0.375-2.185-0.418C14.751,3.01,14.444,3,12,3L12,3z M12,7.378 c-2.552,0-4.622,2.069-4.622,4.622S9.448,16.622,12,16.622s4.622-2.069,4.622-4.622S14.552,7.378,12,7.378z M12,15 c-1.657,0-3-1.343-3-3s1.343-3,3-3s3,1.343,3,3S13.657,15,12,15z M16.804,6.116c-0.596,0-1.08,0.484-1.08,1.08 s0.484,1.08,1.08,1.08c0.596,0,1.08-0.484,1.08-1.08S17.401,6.116,16.804,6.116z\"><\/path><\/svg><span class=\"wp-block-social-link-label screen-reader-text\">Instagram<\/span><\/a><\/li>\n\n<li class=\"wp-social-link wp-social-link-linkedin  wp-block-social-link\"><a href=\"https:\/\/www.linkedin.com\/in\/yves-joye-8b4ab7105\/\" class=\"wp-block-social-link-anchor\"><svg width=\"24\" height=\"24\" viewBox=\"0 0 24 24\" version=\"1.1\" xmlns=\"http:\/\/www.w3.org\/2000\/svg\" aria-hidden=\"true\" focusable=\"false\"><path d=\"M19.7,3H4.3C3.582,3,3,3.582,3,4.3v15.4C3,20.418,3.582,21,4.3,21h15.4c0.718,0,1.3-0.582,1.3-1.3V4.3 C21,3.582,20.418,3,19.7,3z M8.339,18.338H5.667v-8.59h2.672V18.338z M7.004,8.574c-0.857,0-1.549-0.694-1.549-1.548 c0-0.855,0.691-1.548,1.549-1.548c0.854,0,1.547,0.694,1.547,1.548C8.551,7.881,7.858,8.574,7.004,8.574z M18.339,18.338h-2.669 v-4.177c0-0.996-0.017-2.278-1.387-2.278c-1.389,0-1.601,1.086-1.601,2.206v4.249h-2.667v-8.59h2.559v1.174h0.037 c0.356-0.675,1.227-1.387,2.526-1.387c2.703,0,3.203,1.779,3.203,4.092V18.338z\"><\/path><\/svg><span class=\"wp-block-social-link-label screen-reader-text\">LinkedIn<\/span><\/a><\/li><\/ul>\n<\/div><\/div>\n\n\n\n<hr class=\"wp-block-separator has-alpha-channel-opacity\"\/>\n\n\n\n<h2 class=\"wp-block-heading\">VitreRime<\/h2>\n\n\n\n<div class=\"wp-block-media-text alignwide is-stacked-on-mobile is-image-fill\"><figure class=\"wp-block-media-text__media\" style=\"background-image:url(https:\/\/ohm-informatique.ch\/wp-content\/uploads\/2023\/05\/241300237_100613242366752_8875887241791668116_n-700x701.jpg);background-position:50% 50%\"><img loading=\"lazy\" decoding=\"async\" width=\"700\" height=\"701\" src=\"https:\/\/ohm-informatique.ch\/wp-content\/uploads\/2023\/05\/241300237_100613242366752_8875887241791668116_n-700x701.jpg\" alt=\"\" class=\"wp-image-194 size-full\" srcset=\"https:\/\/ohm-informatique.ch\/wp-content\/uploads\/2023\/05\/241300237_100613242366752_8875887241791668116_n-700x701.jpg 700w, https:\/\/ohm-informatique.ch\/wp-content\/uploads\/2023\/05\/241300237_100613242366752_8875887241791668116_n-250x250.jpg 250w, https:\/\/ohm-informatique.ch\/wp-content\/uploads\/2023\/05\/241300237_100613242366752_8875887241791668116_n-150x150.jpg 150w, https:\/\/ohm-informatique.ch\/wp-content\/uploads\/2023\/05\/241300237_100613242366752_8875887241791668116_n-120x120.jpg 120w, https:\/\/ohm-informatique.ch\/wp-content\/uploads\/2023\/05\/241300237_100613242366752_8875887241791668116_n.jpg 750w\" sizes=\"auto, (max-width: 700px) 100vw, 700px\" \/><\/figure><div class=\"wp-block-media-text__content\">\n<p>La soci\u00e9t\u00e9 a \u00e9t\u00e9 cr\u00e9\u00e9e en 2021 par Raphael Rime. Avec pr\u00e8s de 20 ans d&rsquo;exp\u00e9riences dans le domaine de la&nbsp;pose de vitre&nbsp;en tout genre et avec une formation d&rsquo;\u00e9b\u00e9niste, je mets mes comp\u00e9tences \u00e0 disposition de client\u00e8le, principalement dans les r\u00e9gions de&nbsp;la Broye (FR, VD)&nbsp;et dans&nbsp;la r\u00e9gion Ouest du lac de Neuch\u00e2tel.<\/p>\n\n\n\n<p>T\u00e9l: <a href=\"http:\/\/T\u00e9l:+4179423738\" data-type=\"URL\" data-id=\"T\u00e9l:+4179423738\" target=\"_blank\" rel=\"noreferrer noopener\">+41 79 423 73 89<\/a><br>Site internet: <a rel=\"noreferrer noopener\" href=\"https:\/\/www.vitrerime.ch\/\" data-type=\"URL\" data-id=\"https:\/\/www.vitrerime.ch\/\" target=\"_blank\">VitreRime<\/a><\/p>\n\n\n\n<ul class=\"wp-block-social-links is-layout-flex wp-block-social-links-is-layout-flex\"><li class=\"wp-social-link wp-social-link-facebook  wp-block-social-link\"><a href=\"https:\/\/www.facebook.com\/profile.php?id=100076340375321&#038;sk=reviews\" class=\"wp-block-social-link-anchor\"><svg width=\"24\" height=\"24\" viewBox=\"0 0 24 24\" version=\"1.1\" xmlns=\"http:\/\/www.w3.org\/2000\/svg\" aria-hidden=\"true\" focusable=\"false\"><path d=\"M12 2C6.5 2 2 6.5 2 12c0 5 3.7 9.1 8.4 9.9v-7H7.9V12h2.5V9.8c0-2.5 1.5-3.9 3.8-3.9 1.1 0 2.2.2 2.2.2v2.5h-1.3c-1.2 0-1.6.8-1.6 1.6V12h2.8l-.4 2.9h-2.3v7C18.3 21.1 22 17 22 12c0-5.5-4.5-10-10-10z\"><\/path><\/svg><span class=\"wp-block-social-link-label screen-reader-text\">Facebook<\/span><\/a><\/li><\/ul>\n<\/div><\/div>\n\n\n\n<hr class=\"wp-block-separator has-alpha-channel-opacity\"\/>\n\n\n\n<h2 class=\"wp-block-heading\">Corminboeuf Paysages et Jardins<\/h2>\n\n\n\n<div class=\"wp-block-media-text alignwide is-stacked-on-mobile\"><figure class=\"wp-block-media-text__media\"><img loading=\"lazy\" decoding=\"async\" width=\"700\" height=\"262\" src=\"https:\/\/ohm-informatique.ch\/wp-content\/uploads\/2023\/05\/Logo-CMJN-vert-fonce-700x262.jpg\" alt=\"\" class=\"wp-image-202 size-full\" srcset=\"https:\/\/ohm-informatique.ch\/wp-content\/uploads\/2023\/05\/Logo-CMJN-vert-fonce-700x262.jpg 700w, https:\/\/ohm-informatique.ch\/wp-content\/uploads\/2023\/05\/Logo-CMJN-vert-fonce-250x94.jpg 250w, https:\/\/ohm-informatique.ch\/wp-content\/uploads\/2023\/05\/Logo-CMJN-vert-fonce-768x288.jpg 768w, https:\/\/ohm-informatique.ch\/wp-content\/uploads\/2023\/05\/Logo-CMJN-vert-fonce-120x45.jpg 120w, https:\/\/ohm-informatique.ch\/wp-content\/uploads\/2023\/05\/Logo-CMJN-vert-fonce.jpg 1094w\" sizes=\"auto, (max-width: 700px) 100vw, 700px\" \/><\/figure><div class=\"wp-block-media-text__content\">\n<p>Nous assumons pour vous l\u2019entretien de votre propri\u00e9t\u00e9, par interventions ponctuelles suivant vos demandes ou sous formes de contrats annuels. Profitez de votre jardin sans y consacrer tout votre temps libre. Nous vous proposons un service avec du personnel qualifi\u00e9 et de confiance.<\/p>\n\n\n\n<p>T\u00e9l: <a rel=\"noreferrer noopener\" href=\"http:\/\/T\u00e9l:+41793542630\" data-type=\"URL\" data-id=\"T\u00e9l:+41793542630\" target=\"_blank\">+41 79 354 26 30<\/a><br>Site internet:  <a rel=\"noreferrer noopener\" href=\"http:\/\/corminboeuf-paysages.ch\/\" data-type=\"URL\" data-id=\"http:\/\/corminboeuf-paysages.ch\/\" target=\"_blank\">Corminboeuf Paysages<\/a><\/p>\n<\/div><\/div>\n\n\n\n<hr class=\"wp-block-separator has-alpha-channel-opacity\"\/>\n\n\n\n<h2 class=\"wp-block-heading\">Maternelle des Budzons du Lac<\/h2>\n\n\n\n<div class=\"wp-block-media-text alignwide is-stacked-on-mobile\" style=\"grid-template-columns:40% auto\"><figure class=\"wp-block-media-text__media\"><img loading=\"lazy\" decoding=\"async\" width=\"700\" height=\"1005\" src=\"https:\/\/ohm-informatique.ch\/wp-content\/uploads\/2023\/05\/flyers20212022-1070x1536-1-700x1005.jpg\" alt=\"\" class=\"wp-image-203 size-full\" srcset=\"https:\/\/ohm-informatique.ch\/wp-content\/uploads\/2023\/05\/flyers20212022-1070x1536-1-700x1005.jpg 700w, https:\/\/ohm-informatique.ch\/wp-content\/uploads\/2023\/05\/flyers20212022-1070x1536-1-250x359.jpg 250w, https:\/\/ohm-informatique.ch\/wp-content\/uploads\/2023\/05\/flyers20212022-1070x1536-1-768x1102.jpg 768w, https:\/\/ohm-informatique.ch\/wp-content\/uploads\/2023\/05\/flyers20212022-1070x1536-1-120x172.jpg 120w, https:\/\/ohm-informatique.ch\/wp-content\/uploads\/2023\/05\/flyers20212022-1070x1536-1.jpg 1070w\" sizes=\"auto, (max-width: 700px) 100vw, 700px\" \/><\/figure><div class=\"wp-block-media-text__content\">\n<p>Lors de l\u2019inscription de vos enfants, notre concept socio-\u00e9ducatif sera \u00e0 votre disposition sous forme de brochure et vous visiterez aussi nos locaux avec eux. Ceci sur rendez-vous !&nbsp;Nous les accueillerons \u00e0 la prochaine rentr\u00e9e ou en cours d\u2019ann\u00e9e selon les places disponibles. Un atelier for\u00eat est propos\u00e9 pour vos enfants, le mercredi apr\u00e8s-midi dans la for\u00eat de M. Daniel Marmy.<\/p>\n\n\n\n<p>Notre structure offre un programme de d\u00e9veloppement global, con\u00e7u sp\u00e9cifiquement pour un groupe d\u2019enfant de m\u00eame \u00e2ge, inspir\u00e9 de plusieurs m\u00e9thodes p\u00e9dagogiques, dont celle de Maria Montessori qui a pour devise \u00ab\u00a0Apprends-moi \u00e0 faire seul\u00a0\u00bb.<\/p>\n\n\n\n<p>T\u00e9l: <a rel=\"noreferrer noopener\" href=\"http:\/\/T\u00e9l:+41798464645\" data-type=\"URL\" data-id=\"T\u00e9l:+41798464645\" target=\"_blank\">+41 79 846 46 45<\/a><br>Site internet: <a rel=\"noreferrer noopener\" href=\"https:\/\/maternelledesbudzonsdulac.ch\/\" data-type=\"URL\" data-id=\"https:\/\/maternelledesbudzonsdulac.ch\/\" target=\"_blank\">Budzons du lac<\/a><\/p>\n\n\n\n<ul class=\"wp-block-social-links is-layout-flex wp-block-social-links-is-layout-flex\"><li class=\"wp-social-link wp-social-link-facebook  wp-block-social-link\"><a href=\"https:\/\/www.facebook.com\/Maternelle.des.Budzons\/\" class=\"wp-block-social-link-anchor\"><svg width=\"24\" height=\"24\" viewBox=\"0 0 24 24\" version=\"1.1\" xmlns=\"http:\/\/www.w3.org\/2000\/svg\" aria-hidden=\"true\" focusable=\"false\"><path d=\"M12 2C6.5 2 2 6.5 2 12c0 5 3.7 9.1 8.4 9.9v-7H7.9V12h2.5V9.8c0-2.5 1.5-3.9 3.8-3.9 1.1 0 2.2.2 2.2.2v2.5h-1.3c-1.2 0-1.6.8-1.6 1.6V12h2.8l-.4 2.9h-2.3v7C18.3 21.1 22 17 22 12c0-5.5-4.5-10-10-10z\"><\/path><\/svg><span class=\"wp-block-social-link-label screen-reader-text\">Facebook<\/span><\/a><\/li><\/ul>\n<\/div><\/div>\n","protected":false},"excerpt":{"rendered":"D\u00e9couvrez certains de nos clients qui ont fait confiance \u00e0 Ohm Informatique pour leurs besoins technologiques. Commune et cercle scolaire de&nbsp;Nuvilly Depuis plusieurs ann\u00e9es, la commune de Nuvilly et le cercle scolaire nous accordent leur confiance en mati\u00e8re de conseils, d&rsquo;achat et de maintenance de leur parc informatique. Commune de Nuvilly Ducrest Pneus S\u00e0rl Y-A&#8230; <a class=\"view-article\" href=\"https:\/\/ohm-informatique.ch\/index.php\/nos-clients\/\">Voir l&rsquo;article<\/a>","protected":false},"author":2,"featured_media":0,"parent":0,"menu_order":0,"comment_status":"closed","ping_status":"closed","template":"","meta":{"_acf_changed":false,"footnotes":""},"class_list":["post-113","page","type-page","status-publish","hentry"],"acf":[],"_links":{"self":[{"href":"https:\/\/ohm-informatique.ch\/index.php\/wp-json\/wp\/v2\/pages\/113","targetHints":{"allow":["GET"]}}],"collection":[{"href":"https:\/\/ohm-informatique.ch\/index.php\/wp-json\/wp\/v2\/pages"}],"about":[{"href":"https:\/\/ohm-informatique.ch\/index.php\/wp-json\/wp\/v2\/types\/page"}],"author":[{"embeddable":true,"href":"https:\/\/ohm-informatique.ch\/index.php\/wp-json\/wp\/v2\/users\/2"}],"replies":[{"embeddable":true,"href":"https:\/\/ohm-informatique.ch\/index.php\/wp-json\/wp\/v2\/comments?post=113"}],"version-history":[{"count":37,"href":"https:\/\/ohm-informatique.ch\/index.php\/wp-json\/wp\/v2\/pages\/113\/revisions"}],"predecessor-version":[{"id":206,"href":"https:\/\/ohm-informatique.ch\/index.php\/wp-json\/wp\/v2\/pages\/113\/revisions\/206"}],"wp:attachment":[{"href":"https:\/\/ohm-informatique.ch\/index.php\/wp-json\/wp\/v2\/media?parent=113"}],"curies":[{"name":"wp","href":"https:\/\/api.w.org\/{rel}","templated":true}]}}